{"id":29,"date":"2021-05-25T11:02:20","date_gmt":"2021-05-25T09:02:20","guid":{"rendered":"http:\/\/planete-b.eu\/?page_id=29"},"modified":"2023-08-30T15:52:46","modified_gmt":"2023-08-30T13:52:46","slug":"contact","status":"publish","type":"page","link":"https:\/\/planete-b.eu\/index.php\/contact\/","title":{"rendered":"Contact"},"content":{"rendered":"<div class=\"wp-block-image\">\n<figure class=\"aligncenter size-medium\"><img loading=\"lazy\" width=\"300\" height=\"300\" src=\"https:\/\/i0.wp.com\/planete-b.eu\/wp-content\/uploads\/2023\/08\/Posts-Insta-1.png?resize=300%2C300&#038;ssl=1\" alt=\"\" class=\"wp-image-1006\" srcset=\"https:\/\/i0.wp.com\/planete-b.eu\/wp-content\/uploads\/2023\/08\/Posts-Insta-1.png?resize=300%2C300&amp;ssl=1 300w, https:\/\/i0.wp.com\/planete-b.eu\/wp-content\/uploads\/2023\/08\/Posts-Insta-1.png?resize=1024%2C1024&amp;ssl=1 1024w, https:\/\/i0.wp.com\/planete-b.eu\/wp-content\/uploads\/2023\/08\/Posts-Insta-1.png?resize=150%2C150&amp;ssl=1 150w, https:\/\/i0.wp.com\/planete-b.eu\/wp-content\/uploads\/2023\/08\/Posts-Insta-1.png?resize=768%2C768&amp;ssl=1 768w, https:\/\/i0.wp.com\/planete-b.eu\/wp-content\/uploads\/2023\/08\/Posts-Insta-1.png?resize=100%2C100&amp;ssl=1 100w, https:\/\/i0.wp.com\/planete-b.eu\/wp-content\/uploads\/2023\/08\/Posts-Insta-1.png?w=1080&amp;ssl=1 1080w\" sizes=\"(max-width: 300px) 100vw, 300px\" data-recalc-dims=\"1\" \/><\/figure><\/div>\n\n<p style=\"text-align: center;\">Vous souhaitez exprimer votre cr\u00e9ativit\u00e9 et donner vie \u00e0 un projet artistique et <em>eco-friendly<\/em> ?<\/p>\n<p style=\"text-align: center;\">N&rsquo;h\u00e9sitez pas \u00e0 compl\u00e9tez ce formulaire de contact pour tout renseignement ou prise de contact.<\/p>\n<p style=\"text-align: center;\">\u00a0<\/p>\n\n\n<div class=\"wp-block-contact-form-7-contact-form-selector\">\n<div class=\"wpcf7 no-js\" id=\"wpcf7-f260-o1\" lang=\"fr-FR\" dir=\"ltr\">\n<div class=\"screen-reader-response\"><p role=\"status\" aria-live=\"polite\" aria-atomic=\"true\"><\/p> <ul><\/ul><\/div>\n<form action=\"\/index.php\/wp-json\/wp\/v2\/pages\/29#wpcf7-f260-o1\" method=\"post\" class=\"wpcf7-form init\" aria-label=\"Formulaire de contact\" novalidate=\"novalidate\" data-status=\"init\">\n<div style=\"display: none;\">\n<input type=\"hidden\" name=\"_wpcf7\" value=\"260\" \/>\n<input type=\"hidden\" name=\"_wpcf7_version\" value=\"5.7.7\" \/>\n<input type=\"hidden\" name=\"_wpcf7_locale\" value=\"fr_FR\" \/>\n<input type=\"hidden\" name=\"_wpcf7_unit_tag\" value=\"wpcf7-f260-o1\" \/>\n<input type=\"hidden\" name=\"_wpcf7_container_post\" value=\"0\" \/>\n<input type=\"hidden\" name=\"_wpcf7_posted_data_hash\" value=\"\" \/>\n<\/div>\n<p><label> Votre nom<br \/>\n<span class=\"wpcf7-form-control-wrap\" data-name=\"your-name\"><input size=\"40\" class=\"wpcf7-form-control wpcf7-text wpcf7-validates-as-required\" aria-required=\"true\" aria-invalid=\"false\" value=\"\" type=\"text\" name=\"your-name\" \/><\/span> <\/label>\n<\/p>\n<p><label> Votre e-mail<br \/>\n<span class=\"wpcf7-form-control-wrap\" data-name=\"your-email\"><input size=\"40\" class=\"wpcf7-form-control wpcf7-text wpcf7-email wpcf7-validates-as-required wpcf7-validates-as-email\" aria-required=\"true\" aria-invalid=\"false\" value=\"\" type=\"email\" name=\"your-email\" \/><\/span> <\/label>\n<\/p>\n<p><label> Objet<br \/>\n<span class=\"wpcf7-form-control-wrap\" data-name=\"your-subject\"><input size=\"40\" class=\"wpcf7-form-control wpcf7-text wpcf7-validates-as-required\" aria-required=\"true\" aria-invalid=\"false\" value=\"\" type=\"text\" name=\"your-subject\" \/><\/span> <\/label>\n<\/p>\n<p><label> Votre message (facultatif)<br \/>\n<span class=\"wpcf7-form-control-wrap\" data-name=\"your-message\"><textarea cols=\"40\" rows=\"10\" class=\"wpcf7-form-control wpcf7-textarea\" aria-invalid=\"false\" name=\"your-message\"><\/textarea><\/span> <\/label>\n<\/p>\n<p><input class=\"wpcf7-form-control has-spinner wpcf7-submit\" type=\"submit\" value=\"Envoyer\" \/>\n<\/p><p style=\"display: none !important;\"><label>&#916;<textarea name=\"_wpcf7_ak_hp_textarea\" cols=\"45\" rows=\"8\" maxlength=\"100\"><\/textarea><\/label><input type=\"hidden\" id=\"ak_js_1\" name=\"_wpcf7_ak_js\" value=\"67\"\/><script>document.getElementById( \"ak_js_1\" ).setAttribute( \"value\", ( new Date() ).getTime() );<\/script><\/p><div class=\"wpcf7-response-output\" aria-hidden=\"true\"><\/div>\n<\/form>\n<\/div>\n<\/div>\n\n\n\n<p class=\"has-text-align-center\">A bient\u00f4t !<\/p>\n","protected":false},"excerpt":{"rendered":"<p>Vous souhaitez exprimer votre cr\u00e9ativit\u00e9 et donner vie \u00e0 un projet artistique et eco-friendly ? N&rsquo;h\u00e9sitez pas \u00e0 compl\u00e9tez ce formulaire de contact pour tout renseignement ou prise de contact. \u00a0 A bient\u00f4t !<\/p>\n","protected":false},"author":1,"featured_media":0,"parent":0,"menu_order":0,"comment_status":"closed","ping_status":"closed","template":"","meta":[],"_links":{"self":[{"href":"https:\/\/planete-b.eu\/index.php\/wp-json\/wp\/v2\/pages\/29"}],"collection":[{"href":"https:\/\/planete-b.eu\/index.php\/wp-json\/wp\/v2\/pages"}],"about":[{"href":"https:\/\/planete-b.eu\/index.php\/wp-json\/wp\/v2\/types\/page"}],"author":[{"embeddable":true,"href":"https:\/\/planete-b.eu\/index.php\/wp-json\/wp\/v2\/users\/1"}],"replies":[{"embeddable":true,"href":"https:\/\/planete-b.eu\/index.php\/wp-json\/wp\/v2\/comments?post=29"}],"version-history":[{"count":11,"href":"https:\/\/planete-b.eu\/index.php\/wp-json\/wp\/v2\/pages\/29\/revisions"}],"predecessor-version":[{"id":1007,"href":"https:\/\/planete-b.eu\/index.php\/wp-json\/wp\/v2\/pages\/29\/revisions\/1007"}],"wp:attachment":[{"href":"https:\/\/planete-b.eu\/index.php\/wp-json\/wp\/v2\/media?parent=29"}],"curies":[{"name":"wp","href":"https:\/\/api.w.org\/{rel}","templated":true}]}}